3.
2
What is the value of 3 - (1 + -1) - (-2 + 1)?
4
What is the value of 0 + 12 + 3 + -24?
-9
(-3 + 2 - -2) + -6 + 9
4
Calculate 1 - -1 - -2 - (44 + -48).
8
Evaluate -1 - (11 + -7) - -11.
6
2 + (-4 - -10) + -4
4
What is -1 + 3 + -2 - (-3 + 9)?
-6
Calculate -7 - -9 - 1 - (2 - -2).
-3
Evaluate -218 - -215 - (-1 + -3 + 1).
0
What is the value of -5 - (-12 - (-3 - 2))?
2
What is the value of 5 - 1 - (1 + 8)?
-5
Evaluate (-2 - 2 - -7) + 2.
5
Evaluate 1 + (-16 - (8 - 19)).
-4
Evaluate -15 - (-7 - 1) - -3.
-4
-4 - (1 - 1) - -9
5
What is -5 + 21 + -7 + -2?
7
Evaluate (0 - 2) + -1 + (-2 - -1).
-4
What is -2 - (0 - 4) - 3?
-1
Evaluate -6 - (2 - (2 + 6)).
0
Calculate (2 + -3 - 2) + -2.
-5
Evaluate 0 - ((3 - 4) + 4 + 0).
-3
Evaluate -4 + 9 - (3 + -1).
3
Evaluate 2 + 4 - (-23 + 26).
3
Calculate -12 + -1 + (7 - (5 + -2)).
-9
(-13 - -20) + -5 + -2
0
What is 7 + 5 + (-4 - 3 - 0)?
5
-6 - (-10 + (-8 - -17))
-5
What is 2 + (-6 + 0 - 0)?
-4
What is the value of 0 - 0 - (22 + -22) - 1?
-1
Calculate 1 + 4 + -4 - (-3 - -2).
2
What is the value of (7 - (2 + -4 - -3)) + -2?
4
What is the value of 3 + -6 + -1 + 0?
-4
What is -8 - (1 - (-10 + 13))?
-6
-1 + (2 - -1) + -23 + 24
3
Evaluate -2 + (2 - (0 + 0)) + -3.
-3
Evaluate 6 - -1 - (-2 + 16).
-7
Evaluate -2 + (-8 - -11) + (3 - -1).
5
Evaluate -5 + 3 - (-3 + (-2 - -1)).
2
Evaluate 4 - 1 - (0 - 2).
5
What is the value of 8 + 2 + (20 - 22)?
8
What is the value of 8 + 2 + -13 - 3?
-6
What is (4 - 5 - -3) + -4 - -1?
-1
Evaluate 1 - 1 - (-12 - (-20 + 14)).
6
What is the value of 2 + 4 - ((2 - 3) + 5)?
2
(-18 - -18) + (0 - 1) + -6
-7
Calculate -10 + -3 + (4 - -6).
-3
Evaluate 0 + 5 - (-1 - -10).
-4
Calculate -10 + 6 + 1 + -1 + 4.
0
What is 1 + -2 + (2 - (6 - 6))?
1
Evaluate -10 + -3 + 2 + -10 + 16.
-5
Calculate -2 + (-4 - -3) - (0 + -5).
2
What is the value of -5 - (2 + -9 + 5)?
-3
What is (0 - -7) + (3 + -3 - 4)?
3
Calculate ((2 - 3) + 4 - 2) + 2.
3
What is the value of -1 + -2 + (8 - (0 - -2))?
3
Calculate 14 - (2 + 7) - -4.
9
Calculate (-1 + 23 - 12) + -3.
7
Calculate 12 - ((0 - 1) + 8).
5
What is the value of 2 + (3 - 3) + 8 + -8?
2
Calculate 9 + (2 + -10 - -2).
3
Evaluate 3 + 2 + -4 - 2.
-1
Evaluate (-3 - (-4 - 0)) + (-12 - -2).
-9
What is the value of 2 + (1 - 4 - (2 + -1))?
-2
Calculate 34 - 38 - (0 - (1 - -6)).
3
What is the value of 14 + -17 + 1 + 1?
-1
Evaluate 6 - (0 + 4) - -3.
5
Evaluate -2 - 0 - (-2 - 7).
7
Evaluate 16 - 14 - (7 - 0) - 1.
-6
What is the value of 5 - (-1 - -14) - -3 - 1?
-6
Evaluate -5 + (8 - (4 + -3)).
2
What is 8 - (-8 + 5 + 7)?
4
Evaluate (-10 - -1) + -35 + 39.
-5
What is (6 - 7) + -3 - 0?
-4
Evaluate -1 + -4 - (43 + -42).
-6
What is the value of 6 - (1 - 3) - 15?
-7
What is 1 + -7 - (-4 + 7 - 5)?
-4
Calculate -17 - (5 + (-5 - 12)).
-5
What is 0 - (-4 + (-3 - -4))?
3
Evaluate 0 - 5 - (3 + -3 + -1).
-4
What is the value of 50 + -50 - (1 + 0 - -3)?
-4
Evaluate -1 - -5 - (3 - 3 - 3).
7
What is the value of 14 + (-1 - (10 + -5))?
8
What is -6 - ((-2 - -8) + 4 + -19)?
3
-1 - 6 - (108 + -111)
-4
Evaluate 4 + (-12 - -3 - -3).
-2
5 + -5 - (-1 + 2 + -2)
1
What is the value of (-2 - -7) + -4 + -6?
-5
Calculate (0 + 5 + -4 - 0) + -6.
-5
What is -42 - -29 - (-12 + 0)?
-1
What is the value of -6 + 1 + -3 + 4?
-4
What is the value of 0 - (0 - 11) - 13?
-2
Calculate 5 - 1 - ((3 - 11) + 9).
3
Evaluate -3 - -6 - (-1 - 0) - 1.
3
What is the value of -12 - (-12 - ((-18 - -7) + 4))?
-7
0 - 1 - (-3 - (-3 + 1))
0
What is 3 + -2 - (2 + -3)?
2
What is (6 - (11 + -8)) + -10?
-7
Evaluate -5 + 1 + (-5 - (-1 - 5)).
-3
Evaluate -1 - ((1 - -5) + 1 - 5).
-3
What is (-8 - -8 - 0) + -2?
-2
What is -4 - (0 - 7) - -1?
4
Calculate 0 + -10 - (35 + -49).
4
What is (7 - 5 - 2) + 2 + -8?
-6
Calculate -2 + -1 + -4 + 7 + 3.
3
Evaluate -20 + 7 + 10 + 4 + 0.
1
What is the value of (7 - -1) + -9 + (2 - -5)?
6
-6 + -2 - 1 - -9
0
What is the value of (9 - (6 + -2)) + -2?
3
What is -1 + 0 + -1 + (-8 - -13)?
3
Calculate 2 - (-1 + 0 + -7 + 6).
4
What is the value of 5 + -2 - -1 - 4?
0
What is 7 + (0 - (10 - 9))?
6
What is (15 - 11) + (0 - 0) + -3?
1
Calculate 5 - ((-1 - -8) + 16 + -18).
0
Evaluate -2 + -3 - (-3 + 7 + -3).
-6
What is the value of -7 + -1 + -3 - -7?
-4
What is 1 + (3 + 2 + -4 - -1)?
3
What is -1 + 1 + -4 + (-17 - -21)?
0
What is the value of -7 + 3 + (-3 - -4) + -2?
-5
-6 + -2 + (5 + -1 - -1)
-3
2 - 0 - (-3 + 0) - 0
5
4 + -5 + (6 - 0)
5
0 + 1 - (-2 - (-31 - -24))
-4
-6 - 0 - (-11 + (-9 - -16))
-2
Calculate -3 - ((4 - 10) + 7).
-4
1 - (7 + 7 + -7)
-6
What is the value of -3 - (-1 - (-5 - -4))?
-3
(2 - -1) + 3 - (-2 - -2)
6
4 - ((17 - 11) + (0 - 0))
-2
What is (2 - -2) + -1 - (14 - 11)?
0
Evaluate 5 - 5 - 7 - -2.
-5
What is -4 + -2 + 6 - 3?
-3
Evaluate -3 - ((2 - 0) + (-7 - 2)).
4
Evaluate 6 + (-6 - ((-4 - -7) + -2)).
-1
What is the value of (-6 - -13) + 2 - 4 - -4?
9
Calculate 2 - (4 + 1) - -5.
2
What is the value of 9 + -3 + 1 + -6?
1
Evaluate -9 - (-3 - -2) - (22 - 24).
-6
What is the value of 3 - (4 + -2) - (6 + 1)?
-6
What is the value of 12 - (-7 - (-8 + -6))?
5
What is the value of 7 - 5 - (-5 + 2)?
5
Calculate 12 - (14 + 3 + (-7 - 3)).
5
-1 + -3 + 3 - 1
-2
What is 3 + (1 - (3 + -3))?
4
What is the value of 8 + -5 + 3 + -4?
2
What is 2 - (-3 + (3 - -4))?
-2
Calculate -7 - (-1 + 3 + -5).
-4
What is the value of (-1 - (-2 + 4)) + -2?
-5
What is -8 + (5 - 2) + 1 + -1?
-5
What is the value of -5 - (-6 - (3 + 0))?
4
What is -2 + 6 + 23 + -20?
7
-5 - -5 - 5 - -8
3
What is the value of -1 + -7 + 5 - -8?
5
What is the value of (0 + -3 - (-11 - -7)) + -3?
-2
What is 6 - 1 - (81 - 72)?
-4
What is 6 + -6 + 3 - (-3 - 0)?
6
2 + 2 - (-8 + 0 - -14)
-2
9 - 6 - (2 + 2)
-1
Evaluate 4 + (-9 - -8) - 6.
-3
What is the value of -5 + -3 + 11 - 2?
1
What is (-8 - (-2 - 9)) + 0 + -7?
-4
(-1 - (-3 + 4)) + 0
-2
(1 - 0 - 13) + 8 + -3
-7
-5 - (-5 - (4 + -2))
2
1 + (2 + 0 - (2 - 3))
4
Evaluate (-1 + 4 - (1 - -4)) + 1.
-1
Evaluate -10 + -6 + 15 - 3.
-4
What is the value of -6 + -9 + 7 + 9?
1
11 + (3 - 4) + -5
5
What is 15 - (5 - (-10 + 5))?
5
What is 1 - (0 + 3 + 2 + 0)?
-4
Evaluate (-5 - -4) + -1 + 2.
0
What is the value of 2 + -1 + -3 + 0 + 3?
1
What is 8 + -18 + 7 + 2?
-1
What is the value of (9 - 7 - 1) + 4?
5
Calculate -5 - -4 - 7 - -8.
0
Calculate 3 + -4 - (-2 + (-3 - 1)).
5
(-1 - 2) + (-3 - -9)
3
What is the value of 3 - ((2 - -1) + -5)?
5
What is the value of -7 + 9 + (-1 - 0)?
1
What is the value of (-3 - 7) + -2 + 6?
-6
What is 2 - 8 - (1 - 8)?
1
What is 3 - (0 - (4 - 2) - -9)?
-4
Evaluate -22 + 21 - (0 + -1).
0
What is the value of -1 + -2 + 4 + -1?
0
2 + -1 + (-1 - 5) + 11
6
What is the value of -5 - -3 - (1 + -4)?
1
-21 - -13 - (-1 + -12)
5
What is the value of -2 - (-4 - -7 - 3)?
-2
What is the value of 11 - (1 - (12 + -21))?
1
Evaluate 1 - 7 - (10 + -16) - 6.
-6
What is -13 - (7 - (5 + 5 + 5))?
-5
-6 + 3 - (1 + -10)
6
What is the value of -4 + -1 + -3 - -5?
-3
(-2 - (-5 + 1)) + 0
2
-11 - (-1 + -1 + -4) - -6
1
Calculate -2 + -2 - (-5 + 5 - 5).
1
What is the value of 2 + -3 - (-3 - -1)?
1
What is 3 + (-1 - 6) + 1?
-3
Evaluate 5 + (-10 - -5) + 2.
2
Evaluate (-2 + -4 + 1 - -3) + 3.
1
19 - 23 - (-1 - 7) - 1
3
Evaluate -1 - (4 + -5) - 5.
-5
Evaluate 2 + (-17 - -6 - -7).
-2
What is the value of 6 + 0 - -1 - (2 + 1)?
4
What is the value of (16 - 17) + 3 + 0 - 6?
-4
Calculate -12 + (8 - 1) - (0 + 2).
-7
What is the value of 20 + -14 + 1 + -6?
1
What is -6 + (4 - 10) + 7?
-5
Calculate -4 - (4 + 0 + 0 + -3).
-5
(9 - 4) + -9 - (-4 + -1)
1
Calculate -5 - -6 - (1 + 2 - 1).
-1
1 + -4 + (0 - -3) + -3
-3
Evaluate -3 + 14 - (15 - 6).
2
-4 + (1 + 4 - 3)
-2
What is the value of 2 - (15 + -17) - (1 - -5)?
-2
What is the value of -1 + -3 + (7 - 1)?
2
What is 0 + 4 + -3 + -5 + 2?
-2
What is the value of -18 + 18 + 0 + 0?
0
What is -2 + (1 + 6 - 9) - -7?
3
Calculate (-1 - 2) + (-1 - -4) - -5.
5
What is 2 + (8 + -13 - -11)?
8
Evaluate (4 - (-1 + -1 + 3)) + -1.
2
1 - 3 - (-1 - (-9 - -7))
-3
0 + 1 + (-1 + -1 - -2)
1
-3 + 1 - (8 + -15) - 7
-2
-12 - -15 - (-2 - (-6 - -1))
0
(5 - (-7 + 6 + 8)) + -2
-4
Calculate -5 + -6 + 10 + -1.
-2
Calculate -2 - -7 - ((0 - -9) + 2).
-6
10 + -9 + 1 + 0
2
Evaluate -4 + 4 + (7 - 9).
-2
What is the value of (-69 - -62) + 3 + -1 + 7?
2
What is the value of 0 + 4 - 5 - 4?
-5
Calculate -18 + 13 + (-7 - (0 - 5)).
-7
What is -3 - 0 - ((3